- 39 = q, -92 = 3*q + j - 0*j. Let p = q + 70. Suppose 0*a = -3*f + 2*a + 25, p = 5*f - 3*a. What is the units digit of f?
7
Let q(l) = -l**2 - 9*l + 1. What is the tens digit of q(-7)?
1
Let x be 1/(-5) + 22/10. Suppose x*y - 22 = 4. What is the tens digit of y?
1
Suppose 0 = 4*r + 1 + 23. Let y = r + 25. What is the units digit of y?
9
Let s = 78 + -29. Suppose s + 2 = 3*v. What is the tens digit of v?
1
Let p = 16 - 12. Let o(b) = b**2 + b. What is the units digit of o(p)?
0
Let s(x) = 11*x**3 - 2*x**2 + 1. Let m be s(-1). Let q = m + 29. What is the units digit of q?
7
Let y(r) = -5*r - 1. Let o be y(-1). What is the units digit of (o/(-5))/((-4)/30)?
6
Let c(q) = -10*q**3 + q. Suppose 0 = 5*p + 3*a - 7, p + a - 7 = -a. What is the units digit of c(p)?
9
Suppose -3*k + 2*l - l - 109 = 0, 3*l = 2*k + 75. What is the units digit of (-9 + 4)*k/10?
8
Let b(v) be the first derivative of v**4/12 - v**3/6 + v**2/2 - 1. Let h(w) be the second derivative of b(w). What is the units digit of h(4)?
7
Let p = -74 + 225. What is the units digit of p?
1
Suppose 5*y - 41 - 154 = 0. Suppose 0*m - y = -3*m. What is the tens digit of m?
1
Let w(z) = -z - 3. Let g be w(-5). Let b(j) = j**2 - j. Let n be b(g). Suppose n*m + 2*m = 44. What is the units digit of m?
1
Suppose 0 = 2*k - 12 + 2. Suppose k = -7*m + 2*m. Let a = 2 + m. What is the units digit of a?
1
What is the units digit of 35 - 0 - (13 - 11)?
3
Suppose -2*x = -4*x - 2. Let i be (x/(-2))/((-3)/(-36)). Let b = i - 4. What is the units digit of b?
2
Let m = -86 + 147. What is the tens digit of m?
6
Suppose 0 = c + 3*x + 43, 3*x - x = 3*c + 184. Let l = 83 + c. What is the units digit of l?
5
Let i(f) = f + 8. Let y be i(0). What is the units digit of (6/y)/(1/12)?
9
Suppose 5*m = 115 - 35. What is the units digit of m?
6
What is the hundreds digit of (-9741)/(-85)*10/3?
3
Let v(a) = -3*a - 4. Let m be v(6). Let q = -3 - m. What is the units digit of q?
9
Let g = 0 - -8. What is the units digit of g?
8
Let g(t) = 2*t - 1. Let h(k) = -4*k**3 + k**2. Let m be h(-1). Let a be g(m). Suppose a = -0*u + u. What is the units digit of u?
9
Let h(m) be the third derivative of -m**5/20 + m**4/8 - m**3/2 - 4*m**2. Let n be h(3). What is the units digit of 2/3*-1*n?
4
Let d(a) be the first derivative of -a**4/4 - a**2/2 - a - 1. What is the units digit of d(-1)?
1
Suppose 0 = -5*w - f + 10, -5*w + 3*w - 18 = -4*f. Let o(k) = -1. Let q(z) = 6*z + 2. Let a(i) = o(i) + q(i). What is the units digit of a(w)?
7
Let q be ((-4)/(-12))/(2/426). Suppose 203 = 4*k + q. What is the units digit of k?
3
Suppose -4*l + 2*g - 5 = -3*g, 2*g - 5 = l. Suppose -5*x = -0 - l. What is the units digit of 4*1 - x/1?
3
Let z(i) = i + 7. Let n be (-7 - -10)*(-8)/6. What is the units digit of z(n)?
3
Let l = 265 + -189. What is the tens digit of l?
7
Suppose 8 + 10 = -d - 5*m, 3*d - 46 = 5*m. What is the units digit of d?
7
Let r(d) = -d**3 + 6*d**2 - 6*d + 2. Suppose -3*l + 0 = -15. Let f be r(l). What is the units digit of 30/(0 - f) + -1?
9
Let j = -11 - -14. Suppose -20 = -h - j. What is the units digit of h?
7
Let d(y) = 3*y**3 - y**2 + y - 1. Suppose 0 = -2*g + 2, 3 = 5*t - 4*g - 8. Suppose 2*q - t + 1 = 0. What is the units digit of d(q)?
2
Let v = 0 + 16. Suppose 2*a - v = -2*a. What is the units digit of a?
4
Let g = -7 + 15. Suppose w = -w + g. Suppose -w*f = -l - 27, 4*l - 7 = -f + 4. What is the units digit of f?
7
Let z = 24 - 15. Suppose 0 = -3*u + 30 - z. What is the units digit of u?
7
Suppose -3*j = 5*s - 5 - 14, -2*s - j + 8 = 0. What is the units digit of -1 + s - (-2)/2?
5
Let p = 1 + -6. Let o = 3 - p. What is the units digit of o?
8
Let j(q) = q**3 + 6*q**2 - 8*q - 3. Let p be j(-7). Suppose -81 = p*d - 7*d. What is the units digit of d?
7
Suppose 2*i - 60 = -2*i. Suppose 5*g - 4*l = 15, l + i = 4*g + g. What is the units digit of g?
3
Let c(m) = 27*m - 4. Let t be c(3). Suppose -5 + t = 4*l. What is the tens digit of l?
1
Let j be (1/(-2))/(-1)*2. Let l(t) = -t**2 + 8*t - 3. Let a be l(7). Suppose a*u - 21 = -j. What is the units digit of u?
5
Let w(f) = -f**3 - 4*f**2 + 3*f - 6. Let z be w(-5). Suppose 0 = -z*c + 14 + 18. What is the units digit of c?
8
What is the tens digit of 15192/54 - (-1)/(-3)?
8
Let j = 13 + -8. Suppose -j*t + 15 = 0, 2*q + 0*q + 4*t = -12. Let d = q - -20. What is the units digit of d?
8
Let u be 1/(-4) - (-39)/12. Suppose -6*y - 32 = -2*y. What is the units digit of (-3)/(-9)*u - y?
9
Let t be (-28)/(-8)*(-8)/(-14). Let v = t + 30. What is the tens digit of v?
3
Let m = 12 - -3. Suppose m - 120 = -3*r. What is the tens digit of r?
3
Suppose 17 = g + 3*s, -2*s - 43 = -2*g - 5*s. What is the tens digit of g?
2
Let u = -31 + 62. What is the tens digit of u?
3
Suppose 4*b = 3*b + 60. What is the units digit of b?
0
What is the units digit of (-9)/(-24) - 3802/(-16)?
8
Suppose -4*t = -2*t - 66. What is the units digit of t?
3
Let u = 16 + -7. Let m(a) = -a**2 + 10*a + u + 3*a - 5*a. What is the units digit of m(8)?
9
Let t = -7 + 10. Suppose 5*j = 3*j - w + 65, 2*j + t*w = 71. Suppose 3*o + 0*o - 46 = 5*x, -2*x = -3*o + j. What is the units digit of o?
7
Suppose 3*o + 2 = b - 1, -1 = -o. Suppose -5*h + 1 = -3*a - 2, 0 = 3*a - 4*h. Let c = b - a. What is the units digit of c?
2
What is the units digit of 2*(-5)/((-20)/8)?
4
Suppose -2*x + 80 = -x. Suppose -b + x = 3*b. What is the tens digit of b?
2
Suppose 0*h - 240 = -4*h. Suppose 4*z = -4 + h. What is the units digit of z?
4
Suppose 3*j + 194 - 32 = 0. Let h = j + 91. What is the units digit of h?
7
Let z(x) = 2*x**2 - 7 + 2*x**2 - 3*x - 2*x**2. Let g be z(-5). What is the units digit of 12/16 - g/(-8)?
8
Let i(o) = -o**3 - 6*o**2 - 4*o + 6. What is the units digit of i(-5)?
1
Let r(t) = 2*t - 13. Let n be r(10). Suppose 0 = -3*b + n + 8. Suppose -3*u = -b - 1. What is the units digit of u?
2
Let h = 24 + 5. Suppose -5*b = -h - 6. What is the units digit of b?
7
Let k be (-5)/(30/21)*22. Let a = k - -112. What is the tens digit of a?
3
What is the tens digit of 1 - (-28 - 0) - 1?
2
Let l = 58 + -6. What is the units digit of l?
2
Suppose 3*r = -2*m - 17, -m = 3*m - 3*r - 11. Let o = m + 4. Suppose -8 - 8 = -s - b, 45 = o*s + 2*b. What is the tens digit of s?
1
Suppose g - 20 = -4*x, 3*g = -4*x + 117 - 41. What is the tens digit of g?
2
Let q be 44 + (4 + -6 - -4). Let n = -32 + q. What is the tens digit of n?
1
Let n = 14 - 22. What is the units digit of n/(-20) - (-339)/15?
3
Suppose b - 2*a - 3 = 0, 3*b + a + 0*a = -26. Let t = b - -9. What is the units digit of t?
2
Suppose 0 = 8*w - 6*w + 8. What is the units digit of (2/6)/(w/(-72))?
6
Let a = -19 - -52. What is the units digit of a?
3
Let d = -6 - -2. Let t = -4 - d. What is the units digit of (2 - (t + -1))*3?
9
Let m(d) = 20*d**3 + 4*d**2 + 3*d + 2. Let b be m(-2). Let r = -106 - b. What is the tens digit of r?
4
Let a(l) = l**3 + 5*l**2 - 7*l - 3. Let s = 2 - 8. Let g be a(s). Suppose 0 = -z - 3*m - 4, g*m = -z - m - 6. What is the units digit of z?
2
Let g = 288 + -160. What is the hundreds digit of g?
1
Let l(y) be the first derivative of 0*y**2 + 1/4*y**4 + 4*y + 11/3*y**3 - 2. What is the units digit of l(-11)?
4
Suppose a - 14 = -5*u, 0 = -2*a + 3*u + u. Let y be (-2)/a*4/(-1). Suppose y*l + 3*g - 18 = -1, -5*l = g - 10. What is the units digit of l?
1
Let z(s) = -s**2 + 5*s + 6. Let t be z(5). Suppose -4*n = -t*n + 6. What is the units digit of n?
3
Let q(v) be the first derivative of v**2 - 2*v + 1. Let x be q(5). Suppose -3*y - 40 = -x*y - 5*o, 4*y - 35 = -o. What is the units digit of y?
9
Suppose 3*x + 12 = 0, 2*z - 18 = -3*z - 3*x. Let b = -2 + z. What is the units digit of b?
4
Let p(h) = -37*h**3 - h**2 + 2*h + 2. Let n be p(-1). Let a = n - -4. What is the units digit of a?
0
What is the hundreds digit of (59/3 - -8)/((-1)/(-6))?
1
Let b(f) = 3*f**3 + 23*f**2 - 25*f + 23. Let o(m) = 2*m**3 + 12*m**2 - 13*m + 12. Let i(v) = -3*b(v) + 5*o(v). What is the units digit of i(8)?
7
Suppose 0 = k - 2*f - 43, 0 = 3*f - 8 - 1. What is the units digit of k?
9
Suppose 0 = -12*h + 17*h - 600. Suppose 5*i = 0, -u - 4*u + h = -2*i. What is the tens digit of u?
2
Let c(m) = -63*m + 5. Let f(t) = 31*t - 2. Let a(o) = 2*c(o) + 5*f(o). What is the tens digit of a(1)?
2
What is the t